{"id":7429,"date":"2017-11-01T11:43:57","date_gmt":"2017-11-01T17:43:57","guid":{"rendered":"http:\/\/www.floresdenieve.cepe.unam.mx\/blog\/?page_id=7429"},"modified":"2018-09-13T14:01:08","modified_gmt":"2018-09-13T20:01:08","slug":"teheran","status":"publish","type":"page","link":"https:\/\/floresdenieve.cepe.unam.mx\/blog\/index.php\/nuestros-paises-2\/iran\/teheran\/","title":{"rendered":"Teher\u00e1n"},"content":{"rendered":"<p>por Amirali Diba<\/p>\n<p>Teher\u00e1n es una cuidad grande con un gran cantidad de gente, casi\u00a0 12 millones . Teher\u00e1n es capital de Ir\u00e1n en el centro de Ir\u00e1n. Hay muchas plazas en Teheran y tipicos mercados. Si quieren visitar Teheran tengo unos consejos para ustedes. Primero, es algo obvio que tienen que conseguir visa; segundo, tienen que saber sobre gastronom\u00eda de los persas, qu\u00e9 comen y qu\u00e9 no.<\/p>\n<p><img decoding=\"async\" loading=\"lazy\" class=\"alignleft size-medium wp-image-7496\" src=\"http:\/\/www.floresdenieve.cepe.unam.mx\/blog\/wp-content\/uploads\/2017\/11\/teheran_final_carrousel_1-300x137.jpg\" alt=\"teheran_final_carrousel_1\" width=\"300\" height=\"137\" srcset=\"https:\/\/floresdenieve.cepe.unam.mx\/blog\/wp-content\/uploads\/2017\/11\/teheran_final_carrousel_1-300x137.jpg 300w, https:\/\/floresdenieve.cepe.unam.mx\/blog\/wp-content\/uploads\/2017\/11\/teheran_final_carrousel_1-768x351.jpg 768w, https:\/\/floresdenieve.cepe.unam.mx\/blog\/wp-content\/uploads\/2017\/11\/teheran_final_carrousel_1-1024x468.jpg 1024w, https:\/\/floresdenieve.cepe.unam.mx\/blog\/wp-content\/uploads\/2017\/11\/teheran_final_carrousel_1.jpg 1164w\" sizes=\"(max-width: 300px) 100vw, 300px\" \/><\/p>\n<p>Si quieren\u00a0 pasear dentro de la cuidad les recomendio que usen el metro ,auto y ect. Si quieren comer una comida tipica de Ir\u00e1n les recomendio KABAB , si quieren visitar los museous es mejor que usen el metro porque los museous est\u00e1n en el centro de la cuiudad y en el centro hay muchos trafico hay un desmadre totalmente,si van a visitar los mercados es mejor que busquen un guia nativo que hable persa. Les invito a visitar y comer dentro de los restaurantes tipicos , me parece que vale la pena por lo menos una vez. Si van a visitar Teheran en el verano tienen que tener cuidado con clima porque hace mucho calor casi 40 grados centigrados y tambi\u00e9n si van a viajar en invierno les recomendio que lleven ropas para clima frio porque hay mucho calor y mucho viento .<\/p>\n","protected":false},"excerpt":{"rendered":"<p>por Amirali Diba Teher\u00e1n es una cuidad grande con un gran cantidad de gente, casi\u00a0 12 millones . Teher\u00e1n es capital de Ir\u00e1n en el centro de Ir\u00e1n. Hay muchas plazas en Teheran y tipicos mercados. Si quieren visitar Teheran tengo unos consejos para ustedes. Primero, es algo obvio que tienen que conseguir visa; segundo, &hellip; <a href=\"https:\/\/floresdenieve.cepe.unam.mx\/blog\/index.php\/nuestros-paises-2\/iran\/teheran\/\" class=\"more-link\">Seguir leyendo <span class=\"screen-reader-text\">Teher\u00e1n<\/span> <span class=\"meta-nav\">&rarr;<\/span><\/a><\/p>\n","protected":false},"author":1,"featured_media":0,"parent":7876,"menu_order":0,"comment_status":"open","ping_status":"closed","template":"","meta":{"footnotes":""},"_links":{"self":[{"href":"https:\/\/floresdenieve.cepe.unam.mx\/blog\/index.php\/wp-json\/wp\/v2\/pages\/7429"}],"collection":[{"href":"https:\/\/floresdenieve.cepe.unam.mx\/blog\/index.php\/wp-json\/wp\/v2\/pages"}],"about":[{"href":"https:\/\/floresdenieve.cepe.unam.mx\/blog\/index.php\/wp-json\/wp\/v2\/types\/page"}],"author":[{"embeddable":true,"href":"https:\/\/floresdenieve.cepe.unam.mx\/blog\/index.php\/wp-json\/wp\/v2\/users\/1"}],"replies":[{"embeddable":true,"href":"https:\/\/floresdenieve.cepe.unam.mx\/blog\/index.php\/wp-json\/wp\/v2\/comments?post=7429"}],"version-history":[{"count":5,"href":"https:\/\/floresdenieve.cepe.unam.mx\/blog\/index.php\/wp-json\/wp\/v2\/pages\/7429\/revisions"}],"predecessor-version":[{"id":7500,"href":"https:\/\/floresdenieve.cepe.unam.mx\/blog\/index.php\/wp-json\/wp\/v2\/pages\/7429\/revisions\/7500"}],"up":[{"embeddable":true,"href":"https:\/\/floresdenieve.cepe.unam.mx\/blog\/index.php\/wp-json\/wp\/v2\/pages\/7876"}],"wp:attachment":[{"href":"https:\/\/floresdenieve.cepe.unam.mx\/blog\/index.php\/wp-json\/wp\/v2\/media?parent=7429"}],"curies":[{"name":"wp","href":"https:\/\/api.w.org\/{rel}","templated":true}]}}